{"id":194,"date":"2022-12-07T08:35:24","date_gmt":"2022-12-07T07:35:24","guid":{"rendered":"https:\/\/craf.pl\/?page_id=194"},"modified":"2022-12-07T08:35:25","modified_gmt":"2022-12-07T07:35:25","slug":"swiateczny-koncert-relaksacyjny","status":"publish","type":"page","link":"https:\/\/craf.pl\/index.php\/wydarzenia\/swiateczny-koncert-relaksacyjny\/","title":{"rendered":"\u015aWI\u0104TECZNY KONCERT RELAKSACYJNY"},"content":{"rendered":"\n<figure class=\"wp-block-image size-large\"><img loading=\"lazy\" decoding=\"async\" width=\"1024\" height=\"1024\" src=\"https:\/\/craf.pl\/wp-content\/uploads\/2022\/12\/Swiateczzny-koncert-w-hamakach-1024x1024.png\" alt=\"\" class=\"wp-image-176\" srcset=\"https:\/\/craf.pl\/wp-content\/uploads\/2022\/12\/Swiateczzny-koncert-w-hamakach-1024x1024.png 1024w, https:\/\/craf.pl\/wp-content\/uploads\/2022\/12\/Swiateczzny-koncert-w-hamakach-300x300.png 300w, https:\/\/craf.pl\/wp-content\/uploads\/2022\/12\/Swiateczzny-koncert-w-hamakach-150x150.png 150w, https:\/\/craf.pl\/wp-content\/uploads\/2022\/12\/Swiateczzny-koncert-w-hamakach-768x768.png 768w, https:\/\/craf.pl\/wp-content\/uploads\/2022\/12\/Swiateczzny-koncert-w-hamakach-60x60.png 60w, https:\/\/craf.pl\/wp-content\/uploads\/2022\/12\/Swiateczzny-koncert-w-hamakach.png 1080w\" sizes=\"auto, (max-width: 1024px) 100vw, 1024px\" \/><\/figure>\n\n\n\n<p>\u015awi\u0105teczny czas zbli\u017ca si\u0119 wielkimi krokami! Aby umili\u0107 czas oczekiwania na ten pi\u0119kny okres w roku, ju\u017c dzi\u015b zapraszam Was 10 grudnia 2022 do udzia\u0142u w \u015aWI\u0104TECZNYM KONCERCIE RELAKSACYJNYM oraz wsp\u00f3lnej medytacji z d\u017awi\u0119kiem z Karolina Kaja Szymk\u00f3w.<\/p>\n\n\n\n<p>Podczas koncertu us\u0142yszymy etniczne d\u017awi\u0119ki z ca\u0142ego \u015bwiata. Bogate instrumentarium tworz\u0105 odpowiednio dobrane instrumenty (oko\u0142o 12 r\u00f3\u017cnych instrument\u00f3w), kt\u00f3rych brzmienie wp\u0142ywa koj\u0105co, oczyszczaj\u0105co oraz leczniczo na nasze fizyczno-psychiczne samopoczucie. Ca\u0142o\u015b\u0107 dope\u0142niaj\u0105 \u015bpiewy intuicyjne, mantry oraz autorskie pie\u015bni medytacyjne przy akompaniamencie gitary.&nbsp;<\/p>\n\n\n\n<p>Czas koncertu to czas g\u0142\u0119bokiego relaksu. Pomaga odpocz\u0105\u0107, odpr\u0119\u017cy\u0107 si\u0119, uwolni\u0107 napi\u0119cia, zdystansowa\u0107 si\u0119 do problem\u00f3w i trudno\u015bci dnia codziennego oraz wzmocni\u0107 si\u0142y witalne. Dostarcza s\u0142uchaczom pi\u0119knego prze\u017cycia pomagaj\u0105c w d\u0105\u017ceniu do wewn\u0119trznej harmonii i r\u00f3wnowagi. Po takim koncercie czujemy si\u0119 l\u017cejsi, silniejsi, spokojniejsi oraz pozytywnie nastawieni do siebie i \u015bwiata.&nbsp;<\/p>\n\n\n\n<p>Druga cz\u0119\u015b\u0107 spotkania to pr\u00f3ba wsp\u00f3lnego \u015bpiewu kilku mantr, kt\u00f3re ma dzia\u0142anie relaksacyjne i oczyszczaj\u0105ce. Spr\u00f3bujemy tak\u017ce samodzielnie wydoby\u0107 d\u017awi\u0119ki z kilku instrument\u00f3w.<\/p>\n\n\n\n<p>O prowadz\u0105cej koncert:&nbsp;<\/p>\n\n\n\n<p>Karolina Kaja Szymk\u00f3w &#8211; muzykoterapeutka holistyczna, od 13 lat prowadzi indywidualne oraz grupowe zaj\u0119cia muzykoterapeutyczne wykorzystuj\u0105c d\u017awi\u0119k, muzyk\u0119 i \u015bpiew w terapii, usprawnianiu oraz relaksacji.&nbsp;<\/p>\n\n\n\n<p>KIEDY: 10 GRUDNIA 2022 (sobota), godz. 18:00-20:00&nbsp;<\/p>\n\n\n\n<p>GDZIE: salka na Ceglanej, Droszk\u00f3w&nbsp;<\/p>\n\n\n\n<p>LICZBA MIEJSC: 9 hamak\u00f3w<\/p>\n\n\n\n<p>KOSZT: 100 z\u0142&nbsp;<\/p>\n\n\n\n<p>INFORMACJE I ZAPISY: 605 932 429 Ela&nbsp;<\/p>\n\n\n\n<p>Osoby zainteresowane bardzo prosz\u0119 o zg\u0142aszanie si\u0119 telefoniczne \/ sms. Liczba miejsc jest ograniczona!!!<\/p>\n","protected":false},"excerpt":{"rendered":"<p>\u015awi\u0105teczny czas zbli\u017ca si\u0119 wielkimi krokami! Aby umili\u0107 czas oczekiwania na ten pi\u0119kny okres w roku, ju\u017c dzi\u015b zapraszam Was &hellip; <\/p>\n","protected":false},"author":1,"featured_media":67,"parent":86,"menu_order":0,"comment_status":"closed","ping_status":"closed","template":"","meta":{"footnotes":""},"class_list":["post-194","page","type-page","status-publish","has-post-thumbnail","hentry"],"_links":{"self":[{"href":"https:\/\/craf.pl\/index.php\/wp-json\/wp\/v2\/pages\/194","targetHints":{"allow":["GET"]}}],"collection":[{"href":"https:\/\/craf.pl\/index.php\/wp-json\/wp\/v2\/pages"}],"about":[{"href":"https:\/\/craf.pl\/index.php\/wp-json\/wp\/v2\/types\/page"}],"author":[{"embeddable":true,"href":"https:\/\/craf.pl\/index.php\/wp-json\/wp\/v2\/users\/1"}],"replies":[{"embeddable":true,"href":"https:\/\/craf.pl\/index.php\/wp-json\/wp\/v2\/comments?post=194"}],"version-history":[{"count":1,"href":"https:\/\/craf.pl\/index.php\/wp-json\/wp\/v2\/pages\/194\/revisions"}],"predecessor-version":[{"id":195,"href":"https:\/\/craf.pl\/index.php\/wp-json\/wp\/v2\/pages\/194\/revisions\/195"}],"up":[{"embeddable":true,"href":"https:\/\/craf.pl\/index.php\/wp-json\/wp\/v2\/pages\/86"}],"wp:featuredmedia":[{"embeddable":true,"href":"https:\/\/craf.pl\/index.php\/wp-json\/wp\/v2\/media\/67"}],"wp:attachment":[{"href":"https:\/\/craf.pl\/index.php\/wp-json\/wp\/v2\/media?parent=194"}],"curies":[{"name":"wp","href":"https:\/\/api.w.org\/{rel}","templated":true}]}}

ŚWIĄTECZNY KONCERT RELAKSACYJNY

<figure class="wp-block-image size-large"><img loading="lazy" decoding="async" width="1024" height="1024" src="https://craf.pl/wp-content/uploads/2022/12/Swiateczzny-koncert-w-hamakach-1024x1024.png" alt="" class="wp-image-176" srcset="https://craf.pl/wp-content/uploads/2022/12/Swiateczzny-koncert-w-hamakach-1024x1024.png 1024w, https://craf.pl/wp-content/uploads/2022/12/Swiateczzny-koncert-w-hamakach-300x300.png 300w, https://craf.pl/wp-content/uploads/2022/12/Swiateczzny-koncert-w-hamakach-150x150.png 150w, https://craf.pl/wp-content/uploads/2022/12/Swiateczzny-koncert-w-hamakach-768x768.png 768w, https://craf.pl/wp-content/uploads/2022/12/Swiateczzny-koncert-w-hamakach-60x60.png 60w, https://craf.pl/wp-content/uploads/2022/12/Swiateczzny-koncert-w-hamakach.png 1080w" sizes="auto, (max-width: 1024px) 100vw, 1024px" /></figure>



<p>Świąteczny czas zbliża się wielkimi krokami! Aby umilić czas oczekiwania na ten piękny okres w roku, już dziś zapraszam Was 10 grudnia 2022 do udziału w ŚWIĄTECZNYM KONCERCIE RELAKSACYJNYM oraz wspólnej medytacji z dźwiękiem z Karolina Kaja Szymków.</p>



<p>Podczas koncertu usłyszymy etniczne dźwięki z całego świata. Bogate instrumentarium tworzą odpowiednio dobrane instrumenty (około 12 różnych instrumentów), których brzmienie wpływa kojąco, oczyszczająco oraz leczniczo na nasze fizyczno-psychiczne samopoczucie. Całość dopełniają śpiewy intuicyjne, mantry oraz autorskie pieśni medytacyjne przy akompaniamencie gitary.&nbsp;</p>



<p>Czas koncertu to czas głębokiego relaksu. Pomaga odpocząć, odprężyć się, uwolnić napięcia, zdystansować się do problemów i trudności dnia codziennego oraz wzmocnić siły witalne. Dostarcza słuchaczom pięknego przeżycia pomagając w dążeniu do wewnętrznej harmonii i równowagi. Po takim koncercie czujemy się lżejsi, silniejsi, spokojniejsi oraz pozytywnie nastawieni do siebie i świata.&nbsp;</p>



<p>Druga część spotkania to próba wspólnego śpiewu kilku mantr, które ma działanie relaksacyjne i oczyszczające. Spróbujemy także samodzielnie wydobyć dźwięki z kilku instrumentów.</p>



<p>O prowadzącej koncert:&nbsp;</p>



<p>Karolina Kaja Szymków &#8211; muzykoterapeutka holistyczna, od 13 lat prowadzi indywidualne oraz grupowe zajęcia muzykoterapeutyczne wykorzystując dźwięk, muzykę i śpiew w terapii, usprawnianiu oraz relaksacji.&nbsp;</p>



<p>KIEDY: 10 GRUDNIA 2022 (sobota), godz. 18:00-20:00&nbsp;</p>



<p>GDZIE: salka na Ceglanej, Droszków&nbsp;</p>



<p>LICZBA MIEJSC: 9 hamaków</p>



<p>KOSZT: 100 zł&nbsp;</p>



<p>INFORMACJE I ZAPISY: 605 932 429 Ela&nbsp;</p>



<p>Osoby zainteresowane bardzo proszę o zgłaszanie się telefoniczne / sms. Liczba miejsc jest ograniczona!!!</p>

<p>Świąteczny czas zbliża się wielkimi krokami! Aby umilić czas oczekiwania na ten piękny okres w roku, już dziś zapraszam Was &hellip; </p>
